{"id":3,"date":"2022-12-29T12:37:03","date_gmt":"2022-12-29T11:37:03","guid":{"rendered":"https:\/\/pomerania.org.pl\/?page_id=3"},"modified":"2022-12-29T13:37:39","modified_gmt":"2022-12-29T12:37:39","slug":"polityka-prywatnosci","status":"publish","type":"page","link":"https:\/\/pomerania.org.pl\/?page_id=3","title":{"rendered":"Polityka prywatno\u015bci oraz RODO"},"content":{"rendered":"\t\t<div data-elementor-type=\"wp-page\" data-elementor-id=\"3\" class=\"elementor elementor-3\">\n\t\t\t\t\t\t\t\t\t<section class=\"elementor-section elementor-top-section elementor-element elementor-element-6d93d530 elementor-section-boxed elementor-section-height-default elementor-section-height-default\" data-id=\"6d93d530\" data-element_type=\"section\">\n\t\t\t\t\t\t<div class=\"elementor-container elementor-column-gap-default\">\n\t\t\t\t\t<div class=\"elementor-column elementor-col-100 elementor-top-column elementor-element elementor-element-14e33020\" data-id=\"14e33020\" data-element_type=\"column\">\n\t\t\t<div class=\"elementor-widget-wrap elementor-element-populated\">\n\t\t\t\t\t\t\t\t<div class=\"elementor-element elementor-element-4733e4d5 elementor-widget elementor-widget-text-editor\" data-id=\"4733e4d5\" data-element_type=\"widget\" data-widget_type=\"text-editor.default\">\n\t\t\t\t<div class=\"elementor-widget-container\">\n\t\t\t<style>\/*! elementor - v3.11.2 - 22-02-2023 *\/\n.elementor-widget-text-editor.elementor-drop-cap-view-stacked .elementor-drop-cap{background-color:#818a91;color:#fff}.elementor-widget-text-editor.elementor-drop-cap-view-framed .elementor-drop-cap{color:#818a91;border:3px solid;background-color:transparent}.elementor-widget-text-editor:not(.elementor-drop-cap-view-default) .elementor-drop-cap{margin-top:8px}.elementor-widget-text-editor:not(.elementor-drop-cap-view-default) .elementor-drop-cap-letter{width:1em;height:1em}.elementor-widget-text-editor .elementor-drop-cap{float:left;text-align:center;line-height:1;font-size:50px}.elementor-widget-text-editor .elementor-drop-cap-letter{display:inline-block}<\/style>\t\t\t\t<p><!-- wp:heading --><\/p>\n<p><u>Polityka prywatno\u015bci oraz RODO<\/u><\/p>\n<ol>\n<li>Serwis zbiera w spos\u00f3b automatyczny tylko informacje zawarte w plikach cookies.<\/li>\n<li>Pliki (cookies) s\u0105 plikami tekstowymi, kt\u00f3re przechowywane s\u0105 w urz\u0105dzeniu ko\u0144cowym u\u017cytkownika serwisu. Przeznaczone s\u0105 do korzystania ze stron serwisu. Przede wszystkim zawieraj\u0105 nazw\u0119 strony internetowej swojego pochodzenia, sw\u00f3j unikalny numer, czas przechowywania na urz\u0105dzeniu ko\u0144cowym.<\/li>\n<li>Operator serwisu jest podmiotem zamieszczaj\u0105cym na urz\u0105dzeniu ko\u0144cowym swojego u\u017cytkownika pliki cookies oraz maj\u0105cym do nich dost\u0119p.<\/li>\n<li>Operator serwisu wykorzystuje pliki (cookies) w celu:<\/li>\n<\/ol>\n<ul>\n<li>dopasowania zawarto\u015bci strony internetowej do indywidualnych preferencji u\u017cytkownika, przede wszystkim pliki te rozpoznaj\u0105 jego urz\u0105dzenie, aby zgodnie z jego preferencjami wy\u015bwietli\u0107 stron\u0119;<\/li>\n<li>przygotowywania statystyk pomagaj\u0105cych poznaniu preferencji i zachowa\u0144 u\u017cytkownik\u00f3w, analiza tych statystyk jest anonimowa i umo\u017cliwia dostosowanie zawarto\u015bci i wygl\u0105du serwisu do panuj\u0105cych trend\u00f3w, statystyki stosuje si\u0119 te\u017c do oceny popularno\u015bci strony;<\/li>\n<li>mo\u017cliwo\u015bci logowania do serwisu;<\/li>\n<li>utrzymania logowania u\u017cytkownika na ka\u017cdej kolejnej stronie serwisu.<\/li>\n<\/ul>\n<ol>\n<li>Serwis stosuje dwa zasadnicze rodzaje plik\u00f3w (cookies) \u2013 sesyjne i sta\u0142e. Pliki sesyjne s\u0105 tymczasowe, przechowuje si\u0119 je do momentu opuszczenia strony serwisu (poprzez wej\u015bcie na inn\u0105 stron\u0119, wylogowanie lub wy\u0142\u0105czenie przegl\u0105darki). Pliki sta\u0142e przechowywane s\u0105 w urz\u0105dzeniu ko\u0144cowym u\u017cytkownika do czasu ich usuni\u0119cia przez u\u017cytkownika lub przez czas wynikaj\u0105cy z ich ustawie\u0144.<\/li>\n<li>U\u017cytkownik mo\u017ce w ka\u017cdej chwili dokona\u0107 zmiany ustawie\u0144 swojej przegl\u0105darki, aby zablokowa\u0107 obs\u0142ug\u0119 plik\u00f3w (cookies) lub ka\u017cdorazowo uzyskiwa\u0107 informacje o ich umieszczeniu w swoim urz\u0105dzeniu. Inne dost\u0119pne opcje mo\u017cna sprawdzi\u0107 w ustawieniach swojej przegl\u0105darki internetowej. Nale\u017cy pami\u0119ta\u0107, \u017ce wi\u0119kszo\u015b\u0107 przegl\u0105darek domy\u015blnie jest ustawione na akceptacj\u0119 zapisu plik\u00f3w (cookies)w urz\u0105dzeniu ko\u0144cowym.<\/li>\n<li>Operator Serwisu informuje, \u017ce zmiany ustawie\u0144 w przegl\u0105darce internetowej u\u017cytkownika mog\u0105 ograniczy\u0107 dost\u0119p do niekt\u00f3rych funkcji strony internetowej serwisu.<\/li>\n<li>Pliki (cookies) z kt\u00f3rych korzysta serwis (zamieszczane w urz\u0105dzeniu ko\u0144cowym u\u017cytkownika) mog\u0105 by\u0107 udost\u0119pnione jego partnerom oraz wsp\u00f3\u0142pracuj\u0105cym z nim reklamodawc\u0105.<\/li>\n<li>Informacje dotycz\u0105ce ustawie\u0144 przegl\u0105darek internetowych dost\u0119pne s\u0105 w jej menu (pomoc) lub na stronie jej producenta.<\/li>\n<li>Bardziej szczeg\u00f3\u0142owe informacje na temat plik\u00f3w (cookies) dost\u0119pne s\u0105 na stronie\u00a0<a href=\"http:\/\/ciasteczka.org.pl\/\">ciasteczka<\/a><\/li>\n<\/ol>\n<p><u>Informacja o przetwarzaniu danych osobowych w Stowarzyszeniu Gmin Polskich Euroregionu Pomerania w Szczecinie<\/u><\/p>\n<p>Informujemy, \u017ce w zwi\u0105zku z wej\u015bciem w \u017cycie w dniu 25 maja 2018 r. nowych przepis\u00f3w dotycz\u0105cych ochrony danych osobowych \u2013 RODO, Pa\u0144stwa dane osobowe, kt\u00f3re przekazujecie Pa\u0144stwo do naszych baz danych s\u0105 przetwarzane z dochowaniem wszelkich stara\u0144 w kwestii ich bezpiecze\u0144stwa. Zgodnie z obowi\u0105zkiem informacyjnym na podstawie artyku\u0142u 13 RODO, poni\u017cej przekazujemy kilka wa\u017cnych informacji.<\/p>\n<ol>\n<li>Administratorem danych osobowych jest Stowarzyszenie Gmin Polskich Euroregionu Pomerania, ul. Podg\u00f3na 62\/U1, 70-205 Szczecin (dalej: Euroregion Pomerania).<\/li>\n<li>Podstawa\u0328 prawna\u0328 przetwarzania danych osobowych pozyskanych przez Euroregion Pomerania jest umowa o \u015bwiadczenie us\u0142ug, jak r\u00f3wnie\u017c umowa o wsp\u00f3\u0142pracy zwi\u0105zana z dzia\u0142alno\u015bci\u0105 Euroregionu Pomerania. Podstaw\u0105 prawn\u0105 przetwarzania danych osobowych s\u0105 r\u00f3wnie\u017c prawnie uzasadnione interesy realizowane przez Euroregion Pomerania. W przypadku, gdy podstaw\u0105 przetwarzania danych jest zgoda, Euroregion Pomerania informuje, \u017ce zgoda mo\u017ce zosta\u0107 w ka\u017cdym momencie wycofana. Wycofanie zgody nie wp\u0142ywa na wa\u017cno\u015b\u0107 przetwarzania, kt\u00f3re mia\u0142o miejsce przed cofni\u0119ciem zgody.<\/li>\n<li>Celem, dla kt\u00f3rych Euroregion Pomerania przetwarza dane osobowe jest zawarcie i realizacja um\u00f3w zwi\u0105zanych z dzia\u0142alno\u015bci\u0105 Euroregionu Pomerania. Celem przetwarzania jest r\u00f3wnie\u017c m.in. realizacja prawnie uzasadnionych interes\u00f3w przez Euroregion Pomerania. Ponadto, celem przetwarzania danych osobowych przez Euroregion Pomerania jest:\n<ul>\n<li>dochodzenie ewentualnych roszcze\u0144 w zwi\u0105zku z poniesiona\u0328 przez Euroregion Pomerania szkoda\u0328 wyrz\u0105dzona\u0328 przez osob\u0119, kt\u00f3rej dane s\u0105 przetwarzane, a tak\u017ce ewentualnie inne sprawy dochodzone na drodze polubownej lub s\u0105dowej,<\/li>\n<li>udokumentowanie wykonania um\u00f3w do cel\u00f3w podatkowych,<\/li>\n<li>zapewnienie najwy\u017cszej jako\u015bci um\u00f3w.<\/li>\n<\/ul>\n<\/li>\n<li>Euroregion Pomerania przekazuje dane osobowe nast\u0119puj\u0105cym kategoriom podmiot\u00f3w:\n<ul>\n<li>firmom \u015bwiadcz\u0105cym us\u0142ugi wsparcia IT Euroregionu Pomerania oraz dostarczaj\u0105cym oprogramowanie informatyczne,<\/li>\n<li>kancelariom prawniczym \u015bwiadcz\u0105cym us\u0142ugi doradztwa prawnego i zast\u0119pstwa procesowego,<\/li>\n<li>Zachodniopomorskiemu Urz\u0119dowi Wojew\u00f3dzkiemu oraz innym organom kontrolnym.<\/li>\n<\/ul>\n<\/li>\n<li>Dane osobowe:\n<ul>\n<li>pozyskane w zwi\u0105zku z zawarta\u0328 umowa\u0328 b\u0119d\u0105\u0328 przetwarzane przez Euroregion Pomerania przez okres przedawnienia roszcze\u0144 podatkowych lub roszcze\u0144 cywilnoprawnych lub osoby, kt\u00f3rej dane s\u0105 przetwarzane, w zale\u017cno\u015bci kt\u00f3re z tych zdarze\u0144 nast\u0105pi p\u00f3\u017aniej,<\/li>\n<li>pozyskane w zwi\u0105zku z realizacj\u0105 prawnie uzasadnionego interesu przez Euroregion Pomerania s\u0105 przetwarzane przez okres wymagany przepisami prawa,<\/li>\n<li>pozyskane w zwi\u0105zku z realizacj\u0105 innych cel\u00f3w s\u0105 przetwarzane w czasie niezb\u0119dnym do zrealizowania celu.<\/li>\n<\/ul>\n<\/li>\n<li>Ka\u017cda osoba, kt\u00f3rej dane s\u0105 przetwarzane przez Euroregion Pomerania ma prawo dost\u0119pu do w\u0142asnych danych osobowych ich sprostowania, usuni\u0119cia lub ograniczenia przetwarzania. Dost\u0119p do danych mo\u017cliwy jest w siedzibie Euroregionu Pomerania. Euroregion Pomerania udost\u0119pnia adres e-mail\u00a0<a href=\"mailto:odo@pomerania.org.pl\">odo@pomerania.org.pl<\/a>\u00a0za pomoc\u0105\u0328 kt\u00f3rego mo\u017cna kontaktowa\u0107 si\u0119\u0328 w sprawie danych osobowych.<\/li>\n<li>Ka\u017cda osoba, kt\u00f3rej dane s\u0105 przetwarzane przez Euroregion Pomerania ma prawo wniesienia skargi do organu nadzorczego, kt\u00f3rym jest Prezes Urz\u0119du Ochrony Danych Osobowych, ul. Stawki 2, 00-193 Warszawa.<\/li>\n<li>Euroregion Pomerania nie podejmuje zautomatyzowanych decyzji na podstawie danych osobowych, w tym nie dokonuje profilowania.<\/li>\n<\/ol>\n<p>W przypadku pyta\u0144 jeste\u015bmy do Pa\u0144stwa dyspozycji.Po<\/p>\n<p><!-- \/wp:paragraph --><\/p>\t\t\t\t\t\t<\/div>\n\t\t\t\t<\/div>\n\t\t\t\t\t<\/div>\n\t\t<\/div>\n\t\t\t\t\t\t\t<\/div>\n\t\t<\/section>\n\t\t\t\t\t\t\t<\/div>\n\t\t","protected":false},"excerpt":{"rendered":"<p>Polityka prywatno\u015bci oraz RODO Serwis zbiera w spos\u00f3b automatyczny tylko informacje zawarte w plikach cookies. Pliki (cookies) s\u0105 plikami tekstowymi, kt\u00f3re przechowywane s\u0105 w urz\u0105dzeniu ko\u0144cowym u\u017cytkownika serwisu. Przeznaczone s\u0105 do korzystania ze stron serwisu. Przede wszystkim zawieraj\u0105 nazw\u0119 strony internetowej swojego pochodzenia, sw\u00f3j unikalny numer, czas przechowywania na urz\u0105dzeniu ko\u0144cowym. Operator serwisu jest podmiotem [&hellip;]<\/p>\n","protected":false},"author":1,"featured_media":0,"parent":0,"menu_order":0,"comment_status":"closed","ping_status":"closed","template":"","meta":{"footnotes":""},"class_list":["post-3","page","type-page","status-publish","hentry"],"post_mailing_queue_ids":[],"_links":{"self":[{"href":"https:\/\/pomerania.org.pl\/index.php?rest_route=\/wp\/v2\/pages\/3","targetHints":{"allow":["GET"]}}],"collection":[{"href":"https:\/\/pomerania.org.pl\/index.php?rest_route=\/wp\/v2\/pages"}],"about":[{"href":"https:\/\/pomerania.org.pl\/index.php?rest_route=\/wp\/v2\/types\/page"}],"author":[{"embeddable":true,"href":"https:\/\/pomerania.org.pl\/index.php?rest_route=\/wp\/v2\/users\/1"}],"replies":[{"embeddable":true,"href":"https:\/\/pomerania.org.pl\/index.php?rest_route=%2Fwp%2Fv2%2Fcomments&post=3"}],"version-history":[{"count":5,"href":"https:\/\/pomerania.org.pl\/index.php?rest_route=\/wp\/v2\/pages\/3\/revisions"}],"predecessor-version":[{"id":41,"href":"https:\/\/pomerania.org.pl\/index.php?rest_route=\/wp\/v2\/pages\/3\/revisions\/41"}],"wp:attachment":[{"href":"https:\/\/pomerania.org.pl\/index.php?rest_route=%2Fwp%2Fv2%2Fmedia&parent=3"}],"curies":[{"name":"wp","href":"https:\/\/api.w.org\/{rel}","templated":true}]}}

Polityka prywatności oraz RODO

<div data-elementor-type="wp-page" data-elementor-id="3" class="elementor elementor-3">
									<section class="elementor-section elementor-top-section elementor-element elementor-element-6d93d530 elementor-section-boxed elementor-section-height-default elementor-section-height-default" data-id="6d93d530" data-element_type="section">
						<div class="elementor-container elementor-column-gap-default">
					<div class="elementor-column elementor-col-100 elementor-top-column elementor-element elementor-element-14e33020" data-id="14e33020" data-element_type="column">
			<div class="elementor-widget-wrap elementor-element-populated">
								<div class="elementor-element elementor-element-4733e4d5 elementor-widget elementor-widget-text-editor" data-id="4733e4d5" data-element_type="widget" data-widget_type="text-editor.default">
				<div class="elementor-widget-container">
			<style>/*! elementor - v3.11.2 - 22-02-2023 */
.elementor-widget-text-editor.elementor-drop-cap-view-stacked .elementor-drop-cap{background-color:#818a91;color:#fff}.elementor-widget-text-editor.elementor-drop-cap-view-framed .elementor-drop-cap{color:#818a91;border:3px solid;background-color:transparent}.elementor-widget-text-editor:not(.elementor-drop-cap-view-default) .elementor-drop-cap{margin-top:8px}.elementor-widget-text-editor:not(.elementor-drop-cap-view-default) .elementor-drop-cap-letter{width:1em;height:1em}.elementor-widget-text-editor .elementor-drop-cap{float:left;text-align:center;line-height:1;font-size:50px}.elementor-widget-text-editor .elementor-drop-cap-letter{display:inline-block}</style>				<p><!-- wp:heading --></p>
<p><u>Polityka prywatności oraz RODO</u></p>
<ol>
<li>Serwis zbiera w sposób automatyczny tylko informacje zawarte w plikach cookies.</li>
<li>Pliki (cookies) są plikami tekstowymi, które przechowywane są w urządzeniu końcowym użytkownika serwisu. Przeznaczone są do korzystania ze stron serwisu. Przede wszystkim zawierają nazwę strony internetowej swojego pochodzenia, swój unikalny numer, czas przechowywania na urządzeniu końcowym.</li>
<li>Operator serwisu jest podmiotem zamieszczającym na urządzeniu końcowym swojego użytkownika pliki cookies oraz mającym do nich dostęp.</li>
<li>Operator serwisu wykorzystuje pliki (cookies) w celu:</li>
</ol>
<ul>
<li>dopasowania zawartości strony internetowej do indywidualnych preferencji użytkownika, przede wszystkim pliki te rozpoznają jego urządzenie, aby zgodnie z jego preferencjami wyświetlić stronę;</li>
<li>przygotowywania statystyk pomagających poznaniu preferencji i zachowań użytkowników, analiza tych statystyk jest anonimowa i umożliwia dostosowanie zawartości i wyglądu serwisu do panujących trendów, statystyki stosuje się też do oceny popularności strony;</li>
<li>możliwości logowania do serwisu;</li>
<li>utrzymania logowania użytkownika na każdej kolejnej stronie serwisu.</li>
</ul>
<ol>
<li>Serwis stosuje dwa zasadnicze rodzaje plików (cookies) – sesyjne i stałe. Pliki sesyjne są tymczasowe, przechowuje się je do momentu opuszczenia strony serwisu (poprzez wejście na inną stronę, wylogowanie lub wyłączenie przeglądarki). Pliki stałe przechowywane są w urządzeniu końcowym użytkownika do czasu ich usunięcia przez użytkownika lub przez czas wynikający z ich ustawień.</li>
<li>Użytkownik może w każdej chwili dokonać zmiany ustawień swojej przeglądarki, aby zablokować obsługę plików (cookies) lub każdorazowo uzyskiwać informacje o ich umieszczeniu w swoim urządzeniu. Inne dostępne opcje można sprawdzić w ustawieniach swojej przeglądarki internetowej. Należy pamiętać, że większość przeglądarek domyślnie jest ustawione na akceptację zapisu plików (cookies)w urządzeniu końcowym.</li>
<li>Operator Serwisu informuje, że zmiany ustawień w przeglądarce internetowej użytkownika mogą ograniczyć dostęp do niektórych funkcji strony internetowej serwisu.</li>
<li>Pliki (cookies) z których korzysta serwis (zamieszczane w urządzeniu końcowym użytkownika) mogą być udostępnione jego partnerom oraz współpracującym z nim reklamodawcą.</li>
<li>Informacje dotyczące ustawień przeglądarek internetowych dostępne są w jej menu (pomoc) lub na stronie jej producenta.</li>
<li>Bardziej szczegółowe informacje na temat plików (cookies) dostępne są na stronie <a href="http://ciasteczka.org.pl/">ciasteczka</a></li>
</ol>
<p><u>Informacja o przetwarzaniu danych osobowych w Stowarzyszeniu Gmin Polskich Euroregionu Pomerania w Szczecinie</u></p>
<p>Informujemy, że w związku z wejściem w życie w dniu 25 maja 2018 r. nowych przepisów dotyczących ochrony danych osobowych – RODO, Państwa dane osobowe, które przekazujecie Państwo do naszych baz danych są przetwarzane z dochowaniem wszelkich starań w kwestii ich bezpieczeństwa. Zgodnie z obowiązkiem informacyjnym na podstawie artykułu 13 RODO, poniżej przekazujemy kilka ważnych informacji.</p>
<ol>
<li>Administratorem danych osobowych jest Stowarzyszenie Gmin Polskich Euroregionu Pomerania, ul. Podgóna 62/U1, 70-205 Szczecin (dalej: Euroregion Pomerania).</li>
<li>Podstawą prawną przetwarzania danych osobowych pozyskanych przez Euroregion Pomerania jest umowa o świadczenie usług, jak również umowa o współpracy związana z działalnością Euroregionu Pomerania. Podstawą prawną przetwarzania danych osobowych są również prawnie uzasadnione interesy realizowane przez Euroregion Pomerania. W przypadku, gdy podstawą przetwarzania danych jest zgoda, Euroregion Pomerania informuje, że zgoda może zostać w każdym momencie wycofana. Wycofanie zgody nie wpływa na ważność przetwarzania, które miało miejsce przed cofnięciem zgody.</li>
<li>Celem, dla których Euroregion Pomerania przetwarza dane osobowe jest zawarcie i realizacja umów związanych z działalnością Euroregionu Pomerania. Celem przetwarzania jest również m.in. realizacja prawnie uzasadnionych interesów przez Euroregion Pomerania. Ponadto, celem przetwarzania danych osobowych przez Euroregion Pomerania jest:
<ul>
<li>dochodzenie ewentualnych roszczeń w związku z poniesioną przez Euroregion Pomerania szkodą wyrządzoną przez osobę, której dane są przetwarzane, a także ewentualnie inne sprawy dochodzone na drodze polubownej lub sądowej,</li>
<li>udokumentowanie wykonania umów do celów podatkowych,</li>
<li>zapewnienie najwyższej jakości umów.</li>
</ul>
</li>
<li>Euroregion Pomerania przekazuje dane osobowe następującym kategoriom podmiotów:
<ul>
<li>firmom świadczącym usługi wsparcia IT Euroregionu Pomerania oraz dostarczającym oprogramowanie informatyczne,</li>
<li>kancelariom prawniczym świadczącym usługi doradztwa prawnego i zastępstwa procesowego,</li>
<li>Zachodniopomorskiemu Urzędowi Wojewódzkiemu oraz innym organom kontrolnym.</li>
</ul>
</li>
<li>Dane osobowe:
<ul>
<li>pozyskane w związku z zawartą umową będą̨ przetwarzane przez Euroregion Pomerania przez okres przedawnienia roszczeń podatkowych lub roszczeń cywilnoprawnych lub osoby, której dane są przetwarzane, w zależności które z tych zdarzeń nastąpi później,</li>
<li>pozyskane w związku z realizacją prawnie uzasadnionego interesu przez Euroregion Pomerania są przetwarzane przez okres wymagany przepisami prawa,</li>
<li>pozyskane w związku z realizacją innych celów są przetwarzane w czasie niezbędnym do zrealizowania celu.</li>
</ul>
</li>
<li>Każda osoba, której dane są przetwarzane przez Euroregion Pomerania ma prawo dostępu do własnych danych osobowych ich sprostowania, usunięcia lub ograniczenia przetwarzania. Dostęp do danych możliwy jest w siedzibie Euroregionu Pomerania. Euroregion Pomerania udostępnia adres e-mail <a href="mailto:odo@pomerania.org.pl">odo@pomerania.org.pl</a> za pomocą̨ którego można kontaktować się̨ w sprawie danych osobowych.</li>
<li>Każda osoba, której dane są przetwarzane przez Euroregion Pomerania ma prawo wniesienia skargi do organu nadzorczego, którym jest Prezes Urzędu Ochrony Danych Osobowych, ul. Stawki 2, 00-193 Warszawa.</li>
<li>Euroregion Pomerania nie podejmuje zautomatyzowanych decyzji na podstawie danych osobowych, w tym nie dokonuje profilowania.</li>
</ol>
<p>W przypadku pytań jesteśmy do Państwa dyspozycji.Po</p>
<p><!-- /wp:paragraph --></p>						</div>
				</div>
					</div>
		</div>
							</div>
		</section>
							</div>

<p>Polityka prywatności oraz RODO Serwis zbiera w sposób automatyczny tylko informacje zawarte w plikach cookies. Pliki (cookies) są plikami tekstowymi, które przechowywane są w urządzeniu końcowym użytkownika serwisu. Przeznaczone są do korzystania ze stron serwisu. Przede wszystkim zawierają nazwę strony internetowej swojego pochodzenia, swój unikalny numer, czas przechowywania na urządzeniu końcowym. Operator serwisu jest podmiotem [&hellip;]</p>
