{"id":460,"date":"2023-01-18T10:56:34","date_gmt":"2023-01-18T09:56:34","guid":{"rendered":"https:\/\/pomerania.org.pl\/?page_id=460"},"modified":"2025-12-30T10:33:37","modified_gmt":"2025-12-30T09:33:37","slug":"czlonkowie","status":"publish","type":"page","link":"https:\/\/pomerania.org.pl\/?page_id=460","title":{"rendered":"Cz\u0142onkowie stowarzyszenia i sk\u0142adki"},"content":{"rendered":"\t\t<div data-elementor-type=\"wp-page\" data-elementor-id=\"460\" class=\"elementor elementor-460\">\n\t\t\t\t\t\t\t\t\t<section class=\"elementor-section elementor-top-section elementor-element elementor-element-72791c0 elementor-section-boxed elementor-section-height-default elementor-section-height-default\" data-id=\"72791c0\" data-element_type=\"section\">\n\t\t\t\t\t\t<div class=\"elementor-container elementor-column-gap-default\">\n\t\t\t\t\t<div class=\"elementor-column elementor-col-100 elementor-top-column elementor-element elementor-element-a8b9a58\" data-id=\"a8b9a58\" data-element_type=\"column\">\n\t\t\t<div class=\"elementor-widget-wrap elementor-element-populated\">\n\t\t\t\t\t\t\t\t<section class=\"elementor-section elementor-inner-section elementor-element elementor-element-bf80401 elementor-section-boxed elementor-section-height-default elementor-section-height-default\" data-id=\"bf80401\" data-element_type=\"section\">\n\t\t\t\t\t\t<div class=\"elementor-container elementor-column-gap-default\">\n\t\t\t\t\t<div class=\"elementor-column elementor-col-50 elementor-inner-column elementor-element elementor-element-b5379d4\" data-id=\"b5379d4\" data-element_type=\"column\">\n\t\t\t<div class=\"elementor-widget-wrap elementor-element-populated\">\n\t\t\t\t\t\t\t\t<div class=\"elementor-element elementor-element-52645eb elementor-cta--valign-middle elementor-widget__width-initial elementor-cta--skin-classic elementor-animated-content elementor-bg-transform elementor-bg-transform-zoom-in elementor-widget elementor-widget-call-to-action\" data-id=\"52645eb\" data-element_type=\"widget\" data-widget_type=\"call-to-action.default\">\n\t\t\t\t<div class=\"elementor-widget-container\">\n\t\t\t<link rel=\"stylesheet\" href=\"https:\/\/pomerania.org.pl\/wp-content\/plugins\/elementor-pro\/assets\/css\/widget-call-to-action.min.css\">\t\t<a class=\"elementor-cta\" href=\"https:\/\/pomerania.org.pl\/wp-content\/uploads\/2025\/12\/Uchwala_w_sprawie_skladki_czlonkowskiej_SGPEP_2026_2028.pdf\">\n\t\t\t\t\t\t\t<div class=\"elementor-cta__content\">\n\t\t\t\t\n\t\t\t\t<h3 class=\"elementor-cta__title elementor-cta__content-item elementor-content-item\">Uchwa\u0142a w sprawie sk\u0142adki cz\u0142onkowskiej dla gmin i powiat\u00f3w<\/h3>\n\t\t\t\t\n\t\t\t\t\t\t\t<\/div>\n\t\t\t\t\t\t<\/a>\n\t\t\t\t<\/div>\n\t\t\t\t<\/div>\n\t\t\t\t\t<\/div>\n\t\t<\/div>\n\t\t\t\t<div class=\"elementor-column elementor-col-50 elementor-inner-column elementor-element elementor-element-2b522e7\" data-id=\"2b522e7\" data-element_type=\"column\" data-settings=\"{&quot;animation&quot;:&quot;none&quot;}\">\n\t\t\t<div class=\"elementor-widget-wrap elementor-element-populated\">\n\t\t\t\t\t\t\t\t<div class=\"elementor-element elementor-element-c749306 elementor-cta--valign-middle elementor-widget__width-initial elementor-cta--skin-classic elementor-animated-content elementor-bg-transform elementor-bg-transform-zoom-in elementor-widget elementor-widget-call-to-action\" data-id=\"c749306\" data-element_type=\"widget\" data-widget_type=\"call-to-action.default\">\n\t\t\t\t<div class=\"elementor-widget-container\">\n\t\t\t\t\t<a class=\"elementor-cta\" href=\"https:\/\/pomerania.org.pl\/wp-content\/uploads\/2025\/07\/Tabulogram.pdf\">\n\t\t\t\t\t\t\t<div class=\"elementor-cta__content\">\n\t\t\t\t\n\t\t\t\t<h3 class=\"elementor-cta__title elementor-cta__content-item elementor-content-item\">Tabulogram ludno\u015bci 31.12.2024 r.<\/h3>\n\t\t\t\t\n\t\t\t\t\t\t\t<\/div>\n\t\t\t\t\t\t<\/a>\n\t\t\t\t<\/div>\n\t\t\t\t<\/div>\n\t\t\t\t\t<\/div>\n\t\t<\/div>\n\t\t\t\t\t\t\t<\/div>\n\t\t<\/section>\n\t\t\t\t\t<\/div>\n\t\t<\/div>\n\t\t\t\t\t\t\t<\/div>\n\t\t<\/section>\n\t\t\t\t<section class=\"elementor-section elementor-top-section elementor-element elementor-element-ec6c0f9 elementor-section-boxed elementor-section-height-default elementor-section-height-default\" data-id=\"ec6c0f9\" data-element_type=\"section\">\n\t\t\t\t\t\t<div class=\"elementor-container elementor-column-gap-default\">\n\t\t\t\t\t<div class=\"elementor-column elementor-col-33 elementor-top-column elementor-element elementor-element-ed16fda\" data-id=\"ed16fda\" data-element_type=\"column\">\n\t\t\t<div class=\"elementor-widget-wrap elementor-element-populated\">\n\t\t\t\t\t\t\t\t<div class=\"elementor-element elementor-element-1ec18c2 elementor-widget__width-initial elementor-widget elementor-widget-text-editor\" data-id=\"1ec18c2\" data-element_type=\"widget\" data-widget_type=\"text-editor.default\">\n\t\t\t\t<div class=\"elementor-widget-container\">\n\t\t\t<style>\/*! elementor - v3.11.2 - 22-02-2023 *\/\n.elementor-widget-text-editor.elementor-drop-cap-view-stacked .elementor-drop-cap{background-color:#818a91;color:#fff}.elementor-widget-text-editor.elementor-drop-cap-view-framed .elementor-drop-cap{color:#818a91;border:3px solid;background-color:transparent}.elementor-widget-text-editor:not(.elementor-drop-cap-view-default) .elementor-drop-cap{margin-top:8px}.elementor-widget-text-editor:not(.elementor-drop-cap-view-default) .elementor-drop-cap-letter{width:1em;height:1em}.elementor-widget-text-editor .elementor-drop-cap{float:left;text-align:center;line-height:1;font-size:50px}.elementor-widget-text-editor .elementor-drop-cap-letter{display:inline-block}<\/style>\t\t\t\t<table width=\"328\"><tbody><tr><td width=\"328\">1\u00a0\u00a0 Banie<\/td><\/tr><tr><td width=\"328\">2\u00a0\u00a0 Barlinek<\/td><\/tr><tr><td width=\"328\">3\u00a0\u00a0 Bia\u0142ogard Gmina<\/td><\/tr><tr><td width=\"328\">4\u00a0\u00a0 Bia\u0142ogard Miasto<\/td><\/tr><tr><td width=\"328\">5\u00a0\u00a0 Bia\u0142ogard Powiat<\/td><\/tr><tr><td width=\"328\">6\u00a0\u00a0 Bielice<\/td><\/tr><tr><td width=\"328\">7\u00a0\u00a0 Bierzwnik<\/td><\/tr><tr><td width=\"328\">8\u00a0\u00a0 Bia\u0142y B\u00f3r<\/td><\/tr><tr><td width=\"328\">9\u00a0\u00a0 Bobolice<\/td><\/tr><tr><td width=\"328\">10 Boleszkowice<\/td><\/tr><tr><td width=\"328\">11 Borne Sulinowo<\/td><\/tr><tr><td width=\"328\">12 Cedynia<\/td><\/tr><tr><td width=\"328\">13 Chojna<\/td><\/tr><tr><td width=\"328\">14 Choszczno Powiat<\/td><\/tr><tr><td width=\"328\">15 Czaplinek<\/td><\/tr><tr><td width=\"328\">16 Cz\u0142opa<\/td><\/tr><tr><td width=\"328\">17 Dar\u0142owo<\/td><\/tr><tr><td width=\"328\">18 D\u0119bno<\/td><\/tr><tr><td width=\"328\">19 Dobra (Powiat \u0141obeski)<\/td><\/tr><tr><td width=\"328\">20 Dobra (Powiat Policki)<\/td><\/tr><tr><td width=\"328\">21 Dolice<\/td><\/tr><tr><td width=\"328\">22 Drawsko Pomorskie<\/td><\/tr><tr><td width=\"328\">23 Drawsko Pomorskie Powiat<\/td><\/tr><tr><td width=\"328\">24 Dygowo<\/td><\/tr><tr><td width=\"328\">25 Dziwn\u00f3w<\/td><\/tr><tr><td width=\"328\">26 Golczewo<\/td><\/tr><tr><td width=\"328\">27 Goleni\u00f3w<\/td><\/tr><tr><td width=\"328\">28 Goleni\u00f3w Powiat<\/td><\/tr><tr><td width=\"328\">29 Gryfice Powiat<\/td><\/tr><tr><td width=\"328\">30 Gryfino<\/td><\/tr><tr><td width=\"328\">31 Gryfino Powiat<\/td><\/tr><\/tbody><\/table>\t\t\t\t\t\t<\/div>\n\t\t\t\t<\/div>\n\t\t\t\t\t<\/div>\n\t\t<\/div>\n\t\t\t\t<div class=\"elementor-column elementor-col-33 elementor-top-column elementor-element elementor-element-cf3bb22\" data-id=\"cf3bb22\" data-element_type=\"column\">\n\t\t\t<div class=\"elementor-widget-wrap elementor-element-populated\">\n\t\t\t\t\t\t\t\t<div class=\"elementor-element elementor-element-7bf6de3 elementor-widget__width-initial elementor-widget elementor-widget-text-editor\" data-id=\"7bf6de3\" data-element_type=\"widget\" data-widget_type=\"text-editor.default\">\n\t\t\t\t<div class=\"elementor-widget-container\">\n\t\t\t\t\t\t\t<table width=\"328\"><tbody><tr><td width=\"328\">32 I\u0144sko<\/td><\/tr><tr><td width=\"328\">33 Kalisz Pomorski<\/td><\/tr><tr><td width=\"328\">34 Kamie\u0144 Pomorski Powiat<\/td><\/tr><tr><td width=\"328\">35 Karlino<\/td><\/tr><tr><td width=\"328\">36 Karnice<\/td><\/tr><tr><td width=\"328\">37 Kobylanka<\/td><\/tr><tr><td width=\"328\">38 Ko\u0142baskowo<\/td><\/tr><tr><td width=\"328\">39 Ko\u0142obrzeg Gmina<\/td><\/tr><tr><td width=\"328\">40 Ko\u0142obrzeg Miasto<\/td><\/tr><tr><td width=\"328\">41 Ko\u0142obrzeg Powiat<\/td><\/tr><tr><td width=\"328\">42 Koszalin<\/td><\/tr><tr><td width=\"328\">43 Koszalin Powiat<\/td><\/tr><tr><td width=\"328\">44 Krz\u0119cin<\/td><\/tr><tr><td width=\"328\">45 Lipiany<\/td><\/tr><tr><td width=\"328\">46 \u0141obez<\/td><\/tr><tr><td width=\"328\">47 \u0141obez Powiat<\/td><\/tr><tr><td width=\"328\">48 Maszewo<\/td><\/tr><tr><td width=\"328\">49 Mielno<\/td><\/tr><tr><td width=\"328\">50 Mieszkowice<\/td><\/tr><tr><td width=\"328\">51 Mi\u0119dzyzdroje<\/td><\/tr><tr><td width=\"328\">52 Mory\u0144<\/td><\/tr><tr><td width=\"328\">53 My\u015blib\u00f3rz<\/td><\/tr><tr><td width=\"328\">54 My\u015blib\u00f3rz Powiat<\/td><\/tr><tr><td width=\"328\">55 Miros\u0142awiec<\/td><\/tr><tr><td width=\"328\">56 Nowe Warpno<\/td><\/tr><tr><td width=\"328\">57 Nowogard<\/td><\/tr><tr><td width=\"328\">58 Nowogr\u00f3dek Pomorski<\/td><\/tr><tr><td width=\"328\">59 Osina<\/td><\/tr><tr><td width=\"328\">60 Pe\u0142czyce<\/td><\/tr><tr><td width=\"328\">61 P\u0142oty<\/td><\/tr><tr><td width=\"328\">62 Polan\u00f3w<\/td><\/tr><\/tbody><\/table>\t\t\t\t\t\t<\/div>\n\t\t\t\t<\/div>\n\t\t\t\t\t<\/div>\n\t\t<\/div>\n\t\t\t\t<div class=\"elementor-column elementor-col-33 elementor-top-column elementor-element elementor-element-f598946\" data-id=\"f598946\" data-element_type=\"column\">\n\t\t\t<div class=\"elementor-widget-wrap elementor-element-populated\">\n\t\t\t\t\t\t\t\t<div class=\"elementor-element elementor-element-3dba202 elementor-widget__width-initial elementor-widget elementor-widget-text-editor\" data-id=\"3dba202\" data-element_type=\"widget\" data-widget_type=\"text-editor.default\">\n\t\t\t\t<div class=\"elementor-widget-container\">\n\t\t\t\t\t\t\t<table width=\"328\"><tbody><tr><td width=\"328\">63 Police<\/td><\/tr><tr><td width=\"328\">64 Police Powiat<\/td><\/tr><tr><td width=\"328\">65 Po\u0142czyn Zdr\u00f3j<\/td><\/tr><tr><td width=\"328\">66 Postomino<\/td><\/tr><tr><td width=\"328\">67 Przybiern\u00f3w<\/td><\/tr><tr><td width=\"328\">68 Przelewice<\/td><\/tr><tr><td width=\"328\">69 Pyrzyce<\/td><\/tr><tr><td width=\"328\">70 Radowo Ma\u0142e<\/td><\/tr><tr><td width=\"328\">71 Resko<\/td><\/tr><tr><td width=\"328\">72 Ryma\u0144<\/td><\/tr><tr><td width=\"328\">73 S\u0142awno<\/td><\/tr><tr><td width=\"328\">74 Stare Czarnowo<\/td><\/tr><tr><td width=\"328\">75 Stargard Miasto<\/td><\/tr><tr><td width=\"328\">76 Stargard Powiat<\/td><\/tr><tr><td width=\"328\">77 Szczecin<\/td><\/tr><tr><td width=\"328\">78 Szczecinek<\/td><\/tr><tr><td width=\"328\">79 Szczecinek Powiat<\/td><\/tr><tr><td width=\"328\">80 \u015awidwin Powiat<\/td><\/tr><tr><td width=\"328\">81 \u015awinouj\u015bcie<\/td><\/tr><tr><td width=\"328\">82 Trzci\u0144sko Zdr\u00f3j<\/td><\/tr><tr><td width=\"328\">83 Trzebiat\u00f3w<\/td><\/tr><tr><td width=\"328\">84 Tychowo<\/td><\/tr><tr><td width=\"328\">85 Ustronie Morskie<\/td><\/tr><tr><td width=\"328\">86 Wa\u0142cz<\/td><\/tr><tr><td width=\"328\">87 Wa\u0142cz Powiat<\/td><\/tr><tr><td width=\"328\">88 W\u0119gorzyno<\/td><\/tr><tr><td width=\"328\">89 Wierzchowo<\/td><\/tr><tr><td width=\"328\">90 Widuchowa<\/td><\/tr><tr><td width=\"328\">91 Wolin<\/td><\/tr><tr><td width=\"328\">92 Z\u0142ocieniec<\/td><\/tr><tr><td width=\"328\">\u00a0<\/td><\/tr><\/tbody><\/table>\t\t\t\t\t\t<\/div>\n\t\t\t\t<\/div>\n\t\t\t\t\t<\/div>\n\t\t<\/div>\n\t\t\t\t\t\t\t<\/div>\n\t\t<\/section>\n\t\t\t\t\t\t\t<\/div>\n\t\t","protected":false},"excerpt":{"rendered":"<p>Uchwa\u0142a w sprawie sk\u0142adki cz\u0142onkowskiej dla gmin i powiat\u00f3w Tabulogram ludno\u015bci 31.12.2024 r. 1\u00a0\u00a0 Banie 2\u00a0\u00a0 Barlinek 3\u00a0\u00a0 Bia\u0142ogard Gmina 4\u00a0\u00a0 Bia\u0142ogard Miasto 5\u00a0\u00a0 Bia\u0142ogard Powiat 6\u00a0\u00a0 Bielice 7\u00a0\u00a0 Bierzwnik 8\u00a0\u00a0 Bia\u0142y B\u00f3r 9\u00a0\u00a0 Bobolice 10 Boleszkowice 11 Borne Sulinowo 12 Cedynia 13 Chojna 14 Choszczno Powiat 15 Czaplinek 16 Cz\u0142opa 17 Dar\u0142owo 18 D\u0119bno [&hellip;]<\/p>\n","protected":false},"author":1,"featured_media":0,"parent":0,"menu_order":0,"comment_status":"closed","ping_status":"closed","template":"","meta":{"footnotes":""},"class_list":["post-460","page","type-page","status-publish","hentry"],"post_mailing_queue_ids":[],"_links":{"self":[{"href":"https:\/\/pomerania.org.pl\/index.php?rest_route=\/wp\/v2\/pages\/460","targetHints":{"allow":["GET"]}}],"collection":[{"href":"https:\/\/pomerania.org.pl\/index.php?rest_route=\/wp\/v2\/pages"}],"about":[{"href":"https:\/\/pomerania.org.pl\/index.php?rest_route=\/wp\/v2\/types\/page"}],"author":[{"embeddable":true,"href":"https:\/\/pomerania.org.pl\/index.php?rest_route=\/wp\/v2\/users\/1"}],"replies":[{"embeddable":true,"href":"https:\/\/pomerania.org.pl\/index.php?rest_route=%2Fwp%2Fv2%2Fcomments&post=460"}],"version-history":[{"count":116,"href":"https:\/\/pomerania.org.pl\/index.php?rest_route=\/wp\/v2\/pages\/460\/revisions"}],"predecessor-version":[{"id":8197,"href":"https:\/\/pomerania.org.pl\/index.php?rest_route=\/wp\/v2\/pages\/460\/revisions\/8197"}],"wp:attachment":[{"href":"https:\/\/pomerania.org.pl\/index.php?rest_route=%2Fwp%2Fv2%2Fmedia&parent=460"}],"curies":[{"name":"wp","href":"https:\/\/api.w.org\/{rel}","templated":true}]}}