{"id":464,"date":"2023-01-18T11:06:54","date_gmt":"2023-01-18T10:06:54","guid":{"rendered":"https:\/\/pomerania.org.pl\/?page_id=464"},"modified":"2024-07-22T11:58:12","modified_gmt":"2024-07-22T09:58:12","slug":"zarzad","status":"publish","type":"page","link":"https:\/\/pomerania.org.pl\/?page_id=464","title":{"rendered":"Zarz\u0105d"},"content":{"rendered":"\t\t<div data-elementor-type=\"wp-page\" data-elementor-id=\"464\" class=\"elementor elementor-464\">\n\t\t\t\t\t\t\t\t\t<section class=\"elementor-section elementor-top-section elementor-element elementor-element-0605fa4 elementor-section-boxed elementor-section-height-default elementor-section-height-default\" data-id=\"0605fa4\" data-element_type=\"section\">\n\t\t\t\t\t\t<div class=\"elementor-container elementor-column-gap-default\">\n\t\t\t\t\t<div class=\"elementor-column elementor-col-100 elementor-top-column elementor-element elementor-element-078f55b\" data-id=\"078f55b\" data-element_type=\"column\">\n\t\t\t<div class=\"elementor-widget-wrap elementor-element-populated\">\n\t\t\t\t\t\t\t\t<div class=\"elementor-element elementor-element-778b16e elementor-widget elementor-widget-text-editor\" data-id=\"778b16e\" data-element_type=\"widget\" data-widget_type=\"text-editor.default\">\n\t\t\t\t<div class=\"elementor-widget-container\">\n\t\t\t<style>\/*! elementor - v3.11.2 - 22-02-2023 *\/\n.elementor-widget-text-editor.elementor-drop-cap-view-stacked .elementor-drop-cap{background-color:#818a91;color:#fff}.elementor-widget-text-editor.elementor-drop-cap-view-framed .elementor-drop-cap{color:#818a91;border:3px solid;background-color:transparent}.elementor-widget-text-editor:not(.elementor-drop-cap-view-default) .elementor-drop-cap{margin-top:8px}.elementor-widget-text-editor:not(.elementor-drop-cap-view-default) .elementor-drop-cap-letter{width:1em;height:1em}.elementor-widget-text-editor .elementor-drop-cap{float:left;text-align:center;line-height:1;font-size:50px}.elementor-widget-text-editor .elementor-drop-cap-letter{display:inline-block}<\/style>\t\t\t\t<p><strong>Zarz\u0105d Stowarzyszenia Gmin Polskich Euroregionu Pomerania, wybrany przez Delegat\u00f3w XXVIII Walnego Zebrania Delegat\u00f3w SGPEP\u00a0<\/strong><\/p><p><strong>w dniu 20 czerwca 2024 roku <\/strong><\/p><p><strong>\u00a0<\/strong><\/p><p>Kadencja 2024-2029<\/p><p><span style=\"text-decoration: underline;\">Prezes Zarz\u0105du<\/span><\/p><p><img loading=\"lazy\" decoding=\"async\" class=\"alignnone wp-image-5875\" src=\"https:\/\/pomerania.org.pl\/wp-content\/uploads\/2024\/06\/Krzysztof-Soska-300x300.jpg\" alt=\"zdj\u0119cie Krzysztof Soska\" width=\"187\" height=\"187\" srcset=\"https:\/\/pomerania.org.pl\/wp-content\/uploads\/2024\/06\/Krzysztof-Soska-300x300.jpg 300w, https:\/\/pomerania.org.pl\/wp-content\/uploads\/2024\/06\/Krzysztof-Soska-150x150.jpg 150w, https:\/\/pomerania.org.pl\/wp-content\/uploads\/2024\/06\/Krzysztof-Soska-768x768.jpg 768w, https:\/\/pomerania.org.pl\/wp-content\/uploads\/2024\/06\/Krzysztof-Soska.jpg 1536w\" sizes=\"auto, (max-width: 187px) 100vw, 187px\" \/><\/p><p>Krzysztof Soska &#8211; Miasto Szczecin<\/p><p>\u00a0<\/p><p><span style=\"text-decoration: underline;\">Wiceprezes Zarz\u0105du<\/span><\/p><p><img loading=\"lazy\" decoding=\"async\" class=\"alignnone wp-image-5985\" src=\"https:\/\/pomerania.org.pl\/wp-content\/uploads\/2024\/07\/Beata-Gorecka-207x300.jpg\" alt=\"\" width=\"187\" height=\"271\" srcset=\"https:\/\/pomerania.org.pl\/wp-content\/uploads\/2024\/07\/Beata-Gorecka-207x300.jpg 207w, https:\/\/pomerania.org.pl\/wp-content\/uploads\/2024\/07\/Beata-Gorecka-768x1111.jpg 768w, https:\/\/pomerania.org.pl\/wp-content\/uploads\/2024\/07\/Beata-Gorecka-1062x1536.jpg 1062w, https:\/\/pomerania.org.pl\/wp-content\/uploads\/2024\/07\/Beata-Gorecka-1416x2048.jpg 1416w, https:\/\/pomerania.org.pl\/wp-content\/uploads\/2024\/07\/Beata-Gorecka-scaled.jpg 1770w\" sizes=\"auto, (max-width: 187px) 100vw, 187px\" \/><\/p><p>Beata G\u00f3recka \u2013 Zast\u0119pca Prezydenta Miasta Koszalin<\/p><p>\u00a0<\/p><p><span style=\"text-decoration: underline;\">Skarbnik<\/span><\/p><p><img loading=\"lazy\" decoding=\"async\" class=\"alignnone wp-image-5876\" src=\"https:\/\/pomerania.org.pl\/wp-content\/uploads\/2024\/06\/Piotr-Pawlik-252x300.jpg\" alt=\"Zdj\u0119cie Piotr Pawlik\" width=\"186\" height=\"221\" srcset=\"https:\/\/pomerania.org.pl\/wp-content\/uploads\/2024\/06\/Piotr-Pawlik-252x300.jpg 252w, https:\/\/pomerania.org.pl\/wp-content\/uploads\/2024\/06\/Piotr-Pawlik.jpg 481w\" sizes=\"auto, (max-width: 186px) 100vw, 186px\" \/><\/p><p>Piotr Pawlik \u2013 Burmistrz Miros\u0142awca<\/p><p>\u00a0<\/p><p><span style=\"text-decoration: underline;\">Cz\u0142onkowie Zarz\u0105du:<\/span><\/p><p><img loading=\"lazy\" decoding=\"async\" class=\"alignnone wp-image-5996\" src=\"https:\/\/pomerania.org.pl\/wp-content\/uploads\/2024\/07\/Joanna-Agatowska-298x300.jpg\" alt=\"\" width=\"187\" height=\"188\" srcset=\"https:\/\/pomerania.org.pl\/wp-content\/uploads\/2024\/07\/Joanna-Agatowska-298x300.jpg 298w, https:\/\/pomerania.org.pl\/wp-content\/uploads\/2024\/07\/Joanna-Agatowska-150x150.jpg 150w, https:\/\/pomerania.org.pl\/wp-content\/uploads\/2024\/07\/Joanna-Agatowska-768x773.jpg 768w, https:\/\/pomerania.org.pl\/wp-content\/uploads\/2024\/07\/Joanna-Agatowska.jpg 954w\" sizes=\"auto, (max-width: 187px) 100vw, 187px\" \/><\/p><p>Joanna Agatowska \u2013 Prezydent Miasta \u015awinouj\u015bcie<\/p><p>\u00a0<\/p><p><img loading=\"lazy\" decoding=\"async\" class=\"alignnone wp-image-5874\" src=\"https:\/\/pomerania.org.pl\/wp-content\/uploads\/2024\/06\/Anna-Mieczkowska-216x300.jpg\" alt=\"Zdj\u0119cie Anna Mieczkowska\" width=\"186\" height=\"258\" srcset=\"https:\/\/pomerania.org.pl\/wp-content\/uploads\/2024\/06\/Anna-Mieczkowska-216x300.jpg 216w, https:\/\/pomerania.org.pl\/wp-content\/uploads\/2024\/06\/Anna-Mieczkowska-768x1067.jpg 768w, https:\/\/pomerania.org.pl\/wp-content\/uploads\/2024\/06\/Anna-Mieczkowska-1105x1536.jpg 1105w, https:\/\/pomerania.org.pl\/wp-content\/uploads\/2024\/06\/Anna-Mieczkowska-1474x2048.jpg 1474w, https:\/\/pomerania.org.pl\/wp-content\/uploads\/2024\/06\/Anna-Mieczkowska-scaled.jpg 1842w\" sizes=\"auto, (max-width: 186px) 100vw, 186px\" \/><\/p><p>Anna Mieczkowska \u2013 Prezydent Miasta Ko\u0142obrzeg<\/p><p>\u00a0<\/p><p><img loading=\"lazy\" decoding=\"async\" class=\"alignnone wp-image-5940\" src=\"https:\/\/pomerania.org.pl\/wp-content\/uploads\/2024\/07\/Beata-Piekarz-217x300.jpg\" alt=\"\" width=\"187\" height=\"259\" srcset=\"https:\/\/pomerania.org.pl\/wp-content\/uploads\/2024\/07\/Beata-Piekarz-217x300.jpg 217w, https:\/\/pomerania.org.pl\/wp-content\/uploads\/2024\/07\/Beata-Piekarz.jpg 425w\" sizes=\"auto, (max-width: 187px) 100vw, 187px\" \/><\/p><p>Beata Piekarz &#8211; Powiat Gryfi\u0144ski<\/p><p>\u00a0<\/p><p><img loading=\"lazy\" decoding=\"async\" class=\"alignnone wp-image-5944 \" src=\"https:\/\/pomerania.org.pl\/wp-content\/uploads\/2024\/07\/Iwona-Wisniewska-scaled-e1720507151890-258x300.jpg\" alt=\"\" width=\"187\" height=\"217\" srcset=\"https:\/\/pomerania.org.pl\/wp-content\/uploads\/2024\/07\/Iwona-Wisniewska-scaled-e1720507151890-258x300.jpg 258w, https:\/\/pomerania.org.pl\/wp-content\/uploads\/2024\/07\/Iwona-Wisniewska-scaled-e1720507151890-768x893.jpg 768w, https:\/\/pomerania.org.pl\/wp-content\/uploads\/2024\/07\/Iwona-Wisniewska-scaled-e1720507151890-1321x1536.jpg 1321w, https:\/\/pomerania.org.pl\/wp-content\/uploads\/2024\/07\/Iwona-Wisniewska-scaled-e1720507151890.jpg 1467w\" sizes=\"auto, (max-width: 187px) 100vw, 187px\" \/><\/p><p>Iwona Wi\u015bniewska &#8211; Starosta Powiatu Stargardzkiego<\/p><p>\u00a0<\/p><p><img loading=\"lazy\" decoding=\"async\" class=\"alignnone  wp-image-6001\" src=\"https:\/\/pomerania.org.pl\/wp-content\/uploads\/2024\/07\/Wojciech-Czepulkowski-1-200x300.jpg\" alt=\"\" width=\"187\" height=\"281\" srcset=\"https:\/\/pomerania.org.pl\/wp-content\/uploads\/2024\/07\/Wojciech-Czepulkowski-1-200x300.jpg 200w, https:\/\/pomerania.org.pl\/wp-content\/uploads\/2024\/07\/Wojciech-Czepulkowski-1-768x1154.jpg 768w, https:\/\/pomerania.org.pl\/wp-content\/uploads\/2024\/07\/Wojciech-Czepulkowski-1-1022x1536.jpg 1022w, https:\/\/pomerania.org.pl\/wp-content\/uploads\/2024\/07\/Wojciech-Czepulkowski-1-1363x2048.jpg 1363w, https:\/\/pomerania.org.pl\/wp-content\/uploads\/2024\/07\/Wojciech-Czepulkowski-1-scaled.jpg 1703w\" sizes=\"auto, (max-width: 187px) 100vw, 187px\" \/><\/p><p>Wojciech Czepu\u0142kowski \u2013 Burmistrz D\u0119bna<\/p><p>\u00a0<\/p><p><img loading=\"lazy\" decoding=\"async\" class=\"alignnone wp-image-5948\" src=\"https:\/\/pomerania.org.pl\/wp-content\/uploads\/2024\/07\/Bogdan-Wankiewicz-200x300.jpg\" alt=\"\" width=\"188\" height=\"282\" srcset=\"https:\/\/pomerania.org.pl\/wp-content\/uploads\/2024\/07\/Bogdan-Wankiewicz-200x300.jpg 200w, https:\/\/pomerania.org.pl\/wp-content\/uploads\/2024\/07\/Bogdan-Wankiewicz-768x1152.jpg 768w, https:\/\/pomerania.org.pl\/wp-content\/uploads\/2024\/07\/Bogdan-Wankiewicz-1024x1536.jpg 1024w, https:\/\/pomerania.org.pl\/wp-content\/uploads\/2024\/07\/Bogdan-Wankiewicz-1365x2048.jpg 1365w, https:\/\/pomerania.org.pl\/wp-content\/uploads\/2024\/07\/Bogdan-Wankiewicz-scaled.jpg 1707w\" sizes=\"auto, (max-width: 188px) 100vw, 188px\" \/><\/p><p>Bogdan Wankiewicz \u2013 Starosta Wa\u0142ecki<\/p>\t\t\t\t\t\t<\/div>\n\t\t\t\t<\/div>\n\t\t\t\t\t<\/div>\n\t\t<\/div>\n\t\t\t\t\t\t\t<\/div>\n\t\t<\/section>\n\t\t\t\t\t\t\t<\/div>\n\t\t","protected":false},"excerpt":{"rendered":"<p>Zarz\u0105d Stowarzyszenia Gmin Polskich Euroregionu Pomerania, wybrany przez Delegat\u00f3w XXVIII Walnego Zebrania Delegat\u00f3w SGPEP\u00a0 w dniu 20 czerwca 2024 roku \u00a0 Kadencja 2024-2029 Prezes Zarz\u0105du Krzysztof Soska &#8211; Miasto Szczecin \u00a0 Wiceprezes Zarz\u0105du Beata G\u00f3recka \u2013 Zast\u0119pca Prezydenta Miasta Koszalin \u00a0 Skarbnik Piotr Pawlik \u2013 Burmistrz Miros\u0142awca \u00a0 Cz\u0142onkowie Zarz\u0105du: Joanna Agatowska \u2013 Prezydent Miasta [&hellip;]<\/p>\n","protected":false},"author":1,"featured_media":0,"parent":0,"menu_order":0,"comment_status":"closed","ping_status":"closed","template":"","meta":{"footnotes":""},"class_list":["post-464","page","type-page","status-publish","hentry"],"post_mailing_queue_ids":[],"_links":{"self":[{"href":"https:\/\/pomerania.org.pl\/index.php?rest_route=\/wp\/v2\/pages\/464","targetHints":{"allow":["GET"]}}],"collection":[{"href":"https:\/\/pomerania.org.pl\/index.php?rest_route=\/wp\/v2\/pages"}],"about":[{"href":"https:\/\/pomerania.org.pl\/index.php?rest_route=\/wp\/v2\/types\/page"}],"author":[{"embeddable":true,"href":"https:\/\/pomerania.org.pl\/index.php?rest_route=\/wp\/v2\/users\/1"}],"replies":[{"embeddable":true,"href":"https:\/\/pomerania.org.pl\/index.php?rest_route=%2Fwp%2Fv2%2Fcomments&post=464"}],"version-history":[{"count":59,"href":"https:\/\/pomerania.org.pl\/index.php?rest_route=\/wp\/v2\/pages\/464\/revisions"}],"predecessor-version":[{"id":6004,"href":"https:\/\/pomerania.org.pl\/index.php?rest_route=\/wp\/v2\/pages\/464\/revisions\/6004"}],"wp:attachment":[{"href":"https:\/\/pomerania.org.pl\/index.php?rest_route=%2Fwp%2Fv2%2Fmedia&parent=464"}],"curies":[{"name":"wp","href":"https:\/\/api.w.org\/{rel}","templated":true}]}}

Zarząd

<div data-elementor-type="wp-page" data-elementor-id="464" class="elementor elementor-464">
									<section class="elementor-section elementor-top-section elementor-element elementor-element-0605fa4 elementor-section-boxed elementor-section-height-default elementor-section-height-default" data-id="0605fa4" data-element_type="section">
						<div class="elementor-container elementor-column-gap-default">
					<div class="elementor-column elementor-col-100 elementor-top-column elementor-element elementor-element-078f55b" data-id="078f55b" data-element_type="column">
			<div class="elementor-widget-wrap elementor-element-populated">
								<div class="elementor-element elementor-element-778b16e elementor-widget elementor-widget-text-editor" data-id="778b16e" data-element_type="widget" data-widget_type="text-editor.default">
				<div class="elementor-widget-container">
			<style>/*! elementor - v3.11.2 - 22-02-2023 */
.elementor-widget-text-editor.elementor-drop-cap-view-stacked .elementor-drop-cap{background-color:#818a91;color:#fff}.elementor-widget-text-editor.elementor-drop-cap-view-framed .elementor-drop-cap{color:#818a91;border:3px solid;background-color:transparent}.elementor-widget-text-editor:not(.elementor-drop-cap-view-default) .elementor-drop-cap{margin-top:8px}.elementor-widget-text-editor:not(.elementor-drop-cap-view-default) .elementor-drop-cap-letter{width:1em;height:1em}.elementor-widget-text-editor .elementor-drop-cap{float:left;text-align:center;line-height:1;font-size:50px}.elementor-widget-text-editor .elementor-drop-cap-letter{display:inline-block}</style>				<p><strong>Zarząd Stowarzyszenia Gmin Polskich Euroregionu Pomerania, wybrany przez Delegatów XXVIII Walnego Zebrania Delegatów SGPEP </strong></p><p><strong>w dniu 20 czerwca 2024 roku </strong></p><p><strong> </strong></p><p>Kadencja 2024-2029</p><p><span style="text-decoration: underline;">Prezes Zarządu</span></p><p><img loading="lazy" decoding="async" class="alignnone wp-image-5875" src="https://pomerania.org.pl/wp-content/uploads/2024/06/Krzysztof-Soska-300x300.jpg" alt="zdjęcie Krzysztof Soska" width="187" height="187" srcset="https://pomerania.org.pl/wp-content/uploads/2024/06/Krzysztof-Soska-300x300.jpg 300w, https://pomerania.org.pl/wp-content/uploads/2024/06/Krzysztof-Soska-150x150.jpg 150w, https://pomerania.org.pl/wp-content/uploads/2024/06/Krzysztof-Soska-768x768.jpg 768w, https://pomerania.org.pl/wp-content/uploads/2024/06/Krzysztof-Soska.jpg 1536w" sizes="auto, (max-width: 187px) 100vw, 187px" /></p><p>Krzysztof Soska &#8211; Miasto Szczecin</p><p> </p><p><span style="text-decoration: underline;">Wiceprezes Zarządu</span></p><p><img loading="lazy" decoding="async" class="alignnone wp-image-5985" src="https://pomerania.org.pl/wp-content/uploads/2024/07/Beata-Gorecka-207x300.jpg" alt="" width="187" height="271" srcset="https://pomerania.org.pl/wp-content/uploads/2024/07/Beata-Gorecka-207x300.jpg 207w, https://pomerania.org.pl/wp-content/uploads/2024/07/Beata-Gorecka-768x1111.jpg 768w, https://pomerania.org.pl/wp-content/uploads/2024/07/Beata-Gorecka-1062x1536.jpg 1062w, https://pomerania.org.pl/wp-content/uploads/2024/07/Beata-Gorecka-1416x2048.jpg 1416w, https://pomerania.org.pl/wp-content/uploads/2024/07/Beata-Gorecka-scaled.jpg 1770w" sizes="auto, (max-width: 187px) 100vw, 187px" /></p><p>Beata Górecka – Zastępca Prezydenta Miasta Koszalin</p><p> </p><p><span style="text-decoration: underline;">Skarbnik</span></p><p><img loading="lazy" decoding="async" class="alignnone wp-image-5876" src="https://pomerania.org.pl/wp-content/uploads/2024/06/Piotr-Pawlik-252x300.jpg" alt="Zdjęcie Piotr Pawlik" width="186" height="221" srcset="https://pomerania.org.pl/wp-content/uploads/2024/06/Piotr-Pawlik-252x300.jpg 252w, https://pomerania.org.pl/wp-content/uploads/2024/06/Piotr-Pawlik.jpg 481w" sizes="auto, (max-width: 186px) 100vw, 186px" /></p><p>Piotr Pawlik – Burmistrz Mirosławca</p><p> </p><p><span style="text-decoration: underline;">Członkowie Zarządu:</span></p><p><img loading="lazy" decoding="async" class="alignnone wp-image-5996" src="https://pomerania.org.pl/wp-content/uploads/2024/07/Joanna-Agatowska-298x300.jpg" alt="" width="187" height="188" srcset="https://pomerania.org.pl/wp-content/uploads/2024/07/Joanna-Agatowska-298x300.jpg 298w, https://pomerania.org.pl/wp-content/uploads/2024/07/Joanna-Agatowska-150x150.jpg 150w, https://pomerania.org.pl/wp-content/uploads/2024/07/Joanna-Agatowska-768x773.jpg 768w, https://pomerania.org.pl/wp-content/uploads/2024/07/Joanna-Agatowska.jpg 954w" sizes="auto, (max-width: 187px) 100vw, 187px" /></p><p>Joanna Agatowska – Prezydent Miasta Świnoujście</p><p> </p><p><img loading="lazy" decoding="async" class="alignnone wp-image-5874" src="https://pomerania.org.pl/wp-content/uploads/2024/06/Anna-Mieczkowska-216x300.jpg" alt="Zdjęcie Anna Mieczkowska" width="186" height="258" srcset="https://pomerania.org.pl/wp-content/uploads/2024/06/Anna-Mieczkowska-216x300.jpg 216w, https://pomerania.org.pl/wp-content/uploads/2024/06/Anna-Mieczkowska-768x1067.jpg 768w, https://pomerania.org.pl/wp-content/uploads/2024/06/Anna-Mieczkowska-1105x1536.jpg 1105w, https://pomerania.org.pl/wp-content/uploads/2024/06/Anna-Mieczkowska-1474x2048.jpg 1474w, https://pomerania.org.pl/wp-content/uploads/2024/06/Anna-Mieczkowska-scaled.jpg 1842w" sizes="auto, (max-width: 186px) 100vw, 186px" /></p><p>Anna Mieczkowska – Prezydent Miasta Kołobrzeg</p><p> </p><p><img loading="lazy" decoding="async" class="alignnone wp-image-5940" src="https://pomerania.org.pl/wp-content/uploads/2024/07/Beata-Piekarz-217x300.jpg" alt="" width="187" height="259" srcset="https://pomerania.org.pl/wp-content/uploads/2024/07/Beata-Piekarz-217x300.jpg 217w, https://pomerania.org.pl/wp-content/uploads/2024/07/Beata-Piekarz.jpg 425w" sizes="auto, (max-width: 187px) 100vw, 187px" /></p><p>Beata Piekarz &#8211; Powiat Gryfiński</p><p> </p><p><img loading="lazy" decoding="async" class="alignnone wp-image-5944 " src="https://pomerania.org.pl/wp-content/uploads/2024/07/Iwona-Wisniewska-scaled-e1720507151890-258x300.jpg" alt="" width="187" height="217" srcset="https://pomerania.org.pl/wp-content/uploads/2024/07/Iwona-Wisniewska-scaled-e1720507151890-258x300.jpg 258w, https://pomerania.org.pl/wp-content/uploads/2024/07/Iwona-Wisniewska-scaled-e1720507151890-768x893.jpg 768w, https://pomerania.org.pl/wp-content/uploads/2024/07/Iwona-Wisniewska-scaled-e1720507151890-1321x1536.jpg 1321w, https://pomerania.org.pl/wp-content/uploads/2024/07/Iwona-Wisniewska-scaled-e1720507151890.jpg 1467w" sizes="auto, (max-width: 187px) 100vw, 187px" /></p><p>Iwona Wiśniewska &#8211; Starosta Powiatu Stargardzkiego</p><p> </p><p><img loading="lazy" decoding="async" class="alignnone  wp-image-6001" src="https://pomerania.org.pl/wp-content/uploads/2024/07/Wojciech-Czepulkowski-1-200x300.jpg" alt="" width="187" height="281" srcset="https://pomerania.org.pl/wp-content/uploads/2024/07/Wojciech-Czepulkowski-1-200x300.jpg 200w, https://pomerania.org.pl/wp-content/uploads/2024/07/Wojciech-Czepulkowski-1-768x1154.jpg 768w, https://pomerania.org.pl/wp-content/uploads/2024/07/Wojciech-Czepulkowski-1-1022x1536.jpg 1022w, https://pomerania.org.pl/wp-content/uploads/2024/07/Wojciech-Czepulkowski-1-1363x2048.jpg 1363w, https://pomerania.org.pl/wp-content/uploads/2024/07/Wojciech-Czepulkowski-1-scaled.jpg 1703w" sizes="auto, (max-width: 187px) 100vw, 187px" /></p><p>Wojciech Czepułkowski – Burmistrz Dębna</p><p> </p><p><img loading="lazy" decoding="async" class="alignnone wp-image-5948" src="https://pomerania.org.pl/wp-content/uploads/2024/07/Bogdan-Wankiewicz-200x300.jpg" alt="" width="188" height="282" srcset="https://pomerania.org.pl/wp-content/uploads/2024/07/Bogdan-Wankiewicz-200x300.jpg 200w, https://pomerania.org.pl/wp-content/uploads/2024/07/Bogdan-Wankiewicz-768x1152.jpg 768w, https://pomerania.org.pl/wp-content/uploads/2024/07/Bogdan-Wankiewicz-1024x1536.jpg 1024w, https://pomerania.org.pl/wp-content/uploads/2024/07/Bogdan-Wankiewicz-1365x2048.jpg 1365w, https://pomerania.org.pl/wp-content/uploads/2024/07/Bogdan-Wankiewicz-scaled.jpg 1707w" sizes="auto, (max-width: 188px) 100vw, 188px" /></p><p>Bogdan Wankiewicz – Starosta Wałecki</p>						</div>
				</div>
					</div>
		</div>
							</div>
		</section>
							</div>

<p>Zarząd Stowarzyszenia Gmin Polskich Euroregionu Pomerania, wybrany przez Delegatów XXVIII Walnego Zebrania Delegatów SGPEP  w dniu 20 czerwca 2024 roku   Kadencja 2024-2029 Prezes Zarządu Krzysztof Soska &#8211; Miasto Szczecin   Wiceprezes Zarządu Beata Górecka – Zastępca Prezydenta Miasta Koszalin   Skarbnik Piotr Pawlik – Burmistrz Mirosławca   Członkowie Zarządu: Joanna Agatowska – Prezydent Miasta [&hellip;]</p>
