{"id":8078,"date":"2025-12-02T10:53:57","date_gmt":"2025-12-02T09:53:57","guid":{"rendered":"https:\/\/pomerania.org.pl\/?page_id=8078"},"modified":"2025-12-02T10:53:57","modified_gmt":"2025-12-02T09:53:57","slug":"klauzula-informacyjna-rodo","status":"publish","type":"page","link":"https:\/\/pomerania.org.pl\/?page_id=8078","title":{"rendered":"Klauzula informacyjna RODO"},"content":{"rendered":"\n<p>Informujemy, \u017ce w zwi\u0105zku z wej\u015bciem w \u017cycie w dniu 25 maja 2018 r. nowych przepis\u00f3w dotycz\u0105cych ochrony danych osobowych \u2013 RODO, Pa\u0144stwa dane osobowe, kt\u00f3re przekazujecie Pa\u0144stwo do naszych baz danych s\u0105 przetwarzane z dochowaniem wszelkich stara\u0144 w kwestii ich bezpiecze\u0144stwa. Zgodnie z obowi\u0105zkiem informacyjnym na podstawie artyku\u0142u 13 RODO, poni\u017cej przekazujemy kilka wa\u017cnych informacji.<\/p>\n\n\n\n<p>1.&nbsp;Administratorem danych osobowych jest Stowarzyszenie Gmin Polskich Euroregionu Pomerania, ul. Podg\u00f3rna 62\/U1, 70-205 Szczecin (dalej: Euroregion Pomerania).<\/p>\n\n\n\n<p>2.&nbsp;Podstaw\u0105 prawn\u0105 przetwarzania danych osobowych pozyskanych przez Euroregion Pomerania jest umowa o \u015bwiadczenie us\u0142ug, jak r\u00f3wnie\u017c umowa o wsp\u00f3\u0142pracy zwi\u0105zana z dzia\u0142alno\u015bci\u0105 Euroregionu Pomerania. Podstaw\u0105 prawn\u0105 przetwarzania danych osobowych s\u0105 r\u00f3wnie\u017c prawnie uzasadnione interesy realizowane przez Euroregion Pomerania. W przypadku, gdy podstaw\u0105 przetwarzania danych jest zgoda, Euroregion Pomerania informuje, \u017ce zgoda mo\u017ce zosta\u0107\u0301 w ka\u017cdym momencie wycofana. Wycofanie zgody nie wp\u0142ywa na wa\u017cno\u015b\u0107\u0301 przetwarzania, kt\u00f3re mia\u0142o miejsce przed cofni\u0119ciem zgody.<\/p>\n\n\n\n<p>3.&nbsp;Celem, dla kt\u00f3rych Euroregion Pomerania przetwarza dane osobowe jest zawarcie i realizacja um\u00f3w zwi\u0105zanych z dzia\u0142alno\u015bci\u0105 Euroregionu Pomerania. Celem przetwarzania jest r\u00f3wnie\u017c m.in. realizacja prawnie uzasadnionych interes\u00f3w przez Euroregion Pomerania. Ponadto, celem przetwarzania danych osobowych przez Euroregion Pomerania jest:<\/p>\n\n\n\n<p>a)&nbsp;dochodzenie ewentualnych roszcze\u0144\u0301 w zwi\u0105zku z poniesion\u0105 przez Euroregion Pomerania szkod\u0105 wyrz\u0105dzon\u0105 przez osob\u0119, kt\u00f3rej dane s\u0105 przetwarzane, a tak\u017ce ewentualnie inne sprawy dochodzone na drodze polubownej lub s\u0105dowej;<\/p>\n\n\n\n<p>b)&nbsp;udokumentowanie wykonania um\u00f3w do cel\u00f3w podatkowych;<\/p>\n\n\n\n<p>c)&nbsp;zapewnienie najwy\u017cszej jako\u015bci um\u00f3w,<\/p>\n\n\n\n<p>4.&nbsp;Euroregion Pomerania przekazuje dane osobowe nast\u0119puj\u0105cym kategoriom podmiot\u00f3w:<\/p>\n\n\n\n<p>a)&nbsp;firmom \u015bwiadcz\u0105cym us\u0142ugi wsparcia IT Euroregionu Pomerania oraz dostarczaj\u0105cym oprogramowanie informatyczne,<\/p>\n\n\n\n<p>b)&nbsp;kancelariom prawniczym \u015bwiadcz\u0105cym us\u0142ugi doradztwa prawnego i zast\u0119pstwa procesowego,<\/p>\n\n\n\n<p>c)&nbsp;Zachodniopomorskiemu Urz\u0119dowi Wojew\u00f3dzkiemu oraz innym organom kontrolnym.<\/p>\n\n\n\n<p>5.&nbsp;&nbsp;&nbsp;&nbsp;Dane osobowe:&nbsp;<\/p>\n\n\n\n<p>a)&nbsp;pozyskane w zwi\u0105zku z zawart\u0105 umow\u0105 b\u0119d\u0105\u0328 przetwarzane przez Euroregion Pomerania przez okres przedawnienia roszcze\u0144\u0301 podatkowych lub roszcze\u0144\u0301 cywilnoprawnych lub osoby, kt\u00f3rej dane s\u0105 przetwarzane, w zale\u017cno\u015bci, kt\u00f3re z tych zdarze\u0144\u0301 nast\u0105pi p\u00f3\u017aniej,<\/p>\n\n\n\n<p>b)&nbsp;pozyskane w zwi\u0105zku z realizacj\u0105 prawnie uzasadnionego interesu przez Euroregion Pomerania s\u0105 przetwarzane przez okres wymagany przepisami prawa,<\/p>\n\n\n\n<p>c)&nbsp;pozyskane w zwi\u0105zku z realizacj\u0105 innych cel\u00f3w s\u0105 przetwarzane w czasie niezb\u0119dnym do zrealizowania celu.<\/p>\n\n\n\n<p>6.&nbsp;Ka\u017cda osoba, kt\u00f3rej dane s\u0105 przetwarzane przez Euroregion Pomerania ma prawo dost\u0119pu do w\u0142asnych danych osobowych ich sprostowania, usuni\u0119cia lub ograniczenia przetwarzania. Dost\u0119p do danych mo\u017cliwy jest w siedzibie Euroregionu Pomerania. Euroregion Pomerania udost\u0119pnia adres e-mail&nbsp;<a href=\"mailto:odo@pomerania.org.pl\">odo@pomerania.org.pl<\/a>&nbsp;za pomoc\u0105 kt\u00f3rego mo\u017cna kontaktowa\u0107 si\u0119 w sprawie danych osobowych.<\/p>\n\n\n\n<p>7.&nbsp;Ka\u017cda osoba, kt\u00f3rej dane s\u0105 przetwarzane przez Euroregion Pomerania ma prawo wniesienia skargi do organu nadzorczego, kt\u00f3rym jest Prezes Urz\u0119du Ochrony Danych Osobowych, ul. Stawki 2, 00-193 Warszawa.<\/p>\n\n\n\n<p>8.&nbsp;Euroregion Pomerania nie podejmuje zautomatyzowanych decyzji na podstawie danych osobowych, w tym nie dokonuje profilowania.<\/p>\n\n\n\n<p>W przypadku pyta\u0144 jeste\u015bmy do Pa\u0144stwa dyspozycji.&nbsp;<\/p>\n","protected":false},"excerpt":{"rendered":"<p>Informujemy, \u017ce w zwi\u0105zku z wej\u015bciem w \u017cycie w dniu 25 maja 2018 r. nowych przepis\u00f3w dotycz\u0105cych ochrony danych osobowych \u2013 RODO, Pa\u0144stwa dane osobowe, kt\u00f3re przekazujecie Pa\u0144stwo do naszych baz danych s\u0105 przetwarzane z dochowaniem wszelkich stara\u0144 w kwestii ich bezpiecze\u0144stwa. Zgodnie z obowi\u0105zkiem informacyjnym na podstawie artyku\u0142u 13 RODO, poni\u017cej przekazujemy kilka wa\u017cnych [&hellip;]<\/p>\n","protected":false},"author":1,"featured_media":0,"parent":0,"menu_order":0,"comment_status":"closed","ping_status":"closed","template":"","meta":{"footnotes":""},"class_list":["post-8078","page","type-page","status-publish","hentry"],"post_mailing_queue_ids":[],"_links":{"self":[{"href":"https:\/\/pomerania.org.pl\/index.php?rest_route=\/wp\/v2\/pages\/8078","targetHints":{"allow":["GET"]}}],"collection":[{"href":"https:\/\/pomerania.org.pl\/index.php?rest_route=\/wp\/v2\/pages"}],"about":[{"href":"https:\/\/pomerania.org.pl\/index.php?rest_route=\/wp\/v2\/types\/page"}],"author":[{"embeddable":true,"href":"https:\/\/pomerania.org.pl\/index.php?rest_route=\/wp\/v2\/users\/1"}],"replies":[{"embeddable":true,"href":"https:\/\/pomerania.org.pl\/index.php?rest_route=%2Fwp%2Fv2%2Fcomments&post=8078"}],"version-history":[{"count":1,"href":"https:\/\/pomerania.org.pl\/index.php?rest_route=\/wp\/v2\/pages\/8078\/revisions"}],"predecessor-version":[{"id":8079,"href":"https:\/\/pomerania.org.pl\/index.php?rest_route=\/wp\/v2\/pages\/8078\/revisions\/8079"}],"wp:attachment":[{"href":"https:\/\/pomerania.org.pl\/index.php?rest_route=%2Fwp%2Fv2%2Fmedia&parent=8078"}],"curies":[{"name":"wp","href":"https:\/\/api.w.org\/{rel}","templated":true}]}}